{"id":2324,"date":"2022-12-01T15:29:07","date_gmt":"2022-12-01T18:29:07","guid":{"rendered":"http:\/\/192.168.0.39\/site?post_type=product&#038;p=2324"},"modified":"2023-03-14T15:37:18","modified_gmt":"2023-03-14T18:37:18","slug":"moveis-corporativos","status":"publish","type":"product","link":"https:\/\/www.deskmoveis.com.br\/site\/produto\/moveis-corporativos\/","title":{"rendered":"M\u00d3VEIS CORPORATIVOS"},"content":{"rendered":"<p><strong>\u00a0 \u00a0 \u00a0 M\u00f3veis corporativos<\/strong><\/p>\n<p>Nossa linha de<strong> m\u00f3veis corporativos<\/strong> vai trazer para o seu ambiente um <strong>diferencial.<\/strong><\/p>\n<p>Nossos m\u00f3veis s\u00e3o feitos com a <strong>qualidade e com durabilidade<\/strong> para te atender durante anos.<\/p>\n<ul>\n<li>Esta\u00e7\u00e3o de trabalho 2 m\u00f3dulos<\/li>\n<li>Estante com 5 compartimentos, sendo 3 horizontais e 2 verticais<\/li>\n<li>Mesa secret\u00e1ria com tampo em ABS<\/li>\n<li>Mesa diretor<\/li>\n<\/ul>\n<p>&nbsp;<\/p>\n<p>*As cadeiras n\u00e3o est\u00e3o inclusas*<\/p>\n","protected":false},"excerpt":{"rendered":"<p>\u00a0 \u00a0 \u00a0 M\u00f3veis corporativos Nossa linha de m\u00f3veis corporativos vai trazer para o seu ambiente um diferencial. Nossos m\u00f3veis s\u00e3o feitos com a qualidade e com durabilidade para te atender durante anos. Esta\u00e7\u00e3o de trabalho 2 m\u00f3dulos Estante com 5 compartimentos, sendo 3 horizontais e 2 verticais Mesa secret\u00e1ria com tampo em ABS Mesa [&hellip;]<\/p>\n","protected":false},"featured_media":2453,"template":"","meta":{"om_disable_all_campaigns":false,"_monsterinsights_skip_tracking":false,"_monsterinsights_sitenote_active":false,"_monsterinsights_sitenote_note":"","_monsterinsights_sitenote_category":0},"product_brand":[],"product_cat":[57],"product_tag":[],"class_list":{"0":"post-2324","1":"product","2":"type-product","3":"status-publish","4":"has-post-thumbnail","6":"product_cat-mesas","8":"first","9":"instock","10":"shipping-taxable","11":"purchasable","12":"product-type-variable"},"acf":[],"aioseo_notices":[],"_links":{"self":[{"href":"https:\/\/www.deskmoveis.com.br\/site\/wp-json\/wp\/v2\/product\/2324","targetHints":{"allow":["GET"]}}],"collection":[{"href":"https:\/\/www.deskmoveis.com.br\/site\/wp-json\/wp\/v2\/product"}],"about":[{"href":"https:\/\/www.deskmoveis.com.br\/site\/wp-json\/wp\/v2\/types\/product"}],"version-history":[{"count":1,"href":"https:\/\/www.deskmoveis.com.br\/site\/wp-json\/wp\/v2\/product\/2324\/revisions"}],"predecessor-version":[{"id":2524,"href":"https:\/\/www.deskmoveis.com.br\/site\/wp-json\/wp\/v2\/product\/2324\/revisions\/2524"}],"wp:featuredmedia":[{"embeddable":true,"href":"https:\/\/www.deskmoveis.com.br\/site\/wp-json\/wp\/v2\/media\/2453"}],"wp:attachment":[{"href":"https:\/\/www.deskmoveis.com.br\/site\/wp-json\/wp\/v2\/media?parent=2324"}],"wp:term":[{"taxonomy":"product_brand","embeddable":true,"href":"https:\/\/www.deskmoveis.com.br\/site\/wp-json\/wp\/v2\/product_brand?post=2324"},{"taxonomy":"product_cat","embeddable":true,"href":"https:\/\/www.deskmoveis.com.br\/site\/wp-json\/wp\/v2\/product_cat?post=2324"},{"taxonomy":"product_tag","embeddable":true,"href":"https:\/\/www.deskmoveis.com.br\/site\/wp-json\/wp\/v2\/product_tag?post=2324"}],"curies":[{"name":"wp","href":"https:\/\/api.w.org\/{rel}","templated":true}]}}